
False
Is 156887 a prime number?
True
Is 989117 prime?
False
Is 147739 prime?
True
Is 2800139 a prime number?
True
Is 6389 a composite number?
False
Is 815951 a composite number?
True
Is 2939 a prime number?
True
Is 1247209 a composite number?
False
Is 6421 prime?
True
Is 20771 a prime number?
True
Is 18119 a composite number?
False
Is 10371 a composite number?
True
Is 22405 a prime number?
False
Is 1105109 a prime number?
True
Is 3991 a composite number?
True
Is 45901 a composite number?
True
Is 12053 composite?
True
Is 13577 a composite number?
False
Is 1309861 composite?
True
Is 1293863 a prime number?
False
Is 206311 a prime number?
False
Is 1543 a prime number?
True
Is 1895 prime?
False
Is 35267 a composite number?
False
Is 5305 composite?
True
Is 34031 a composite number?
False
Is 233 prime?
True
Is 530623 a prime number?
False
Is 442271 a composite number?
False
Is 61879 a prime number?
True
Is 291913 a composite number?
True
Is 546709 a composite number?
False
Is 50487 prime?
False
Is 333679 prime?
True
Is 218653 composite?
True
Is 118447 composite?
True
Is 123631 prime?
True
Is 507289 composite?
False
Is 8311 prime?
True
Is 525203 prime?
False
Is 9346 prime?
False
Is 6753 a prime number?
False
Is 79819 a composite number?
True
Is 224003 prime?
False
Is 37939 composite?
True
Is 19531 composite?
False
Is 67255 a prime number?
False
Is 7069 composite?
False
Is 34433 prime?
False
Is 1594 a composite number?
True
Is 899309 a composite number?
False
Is 12071 prime?
True
Is 11665 a composite number?
True
Is 1571 a composite number?
False
Is 405169 a composite number?
True
Is 91993 a prime number?
False
Is 132127 a composite number?
True
Is 1969 a composite number?
True
Is 16883 a prime number?
True
Is 62462 a prime number?
False
Is 3823 a prime number?
True
Is 10007 prime?
True
Is 70973 a composite number?
True
Is 1982 a prime number?
False
Is 10219 prime?
False
Is 97891 prime?
False
Is 5533 a composite number?
True
Is 417685 a prime number?
False
Is 193423 prime?
True
Is 1877551 composite?
True
Is 192137 composite?
True
Is 797 a composite number?
False
Is 134 a composite number?
True
Is 12133 a prime number?
False
Is 747319 prime?
True
Is 743417 a prime number?
False
Is 101939 a prime number?
True
Is 119027 a composite number?
False
Is 206005 a composite number?
True
Is 13649 a composite number?
False
Is 768751 composite?
False
Is 370891 prime?
True
Is 56807 a composite number?
False
Is 14777 a prime number?
False
Is 33199 a prime number?
True
Is 314399 composite?
False
Is 64151 a prime number?
True
Is 23223 composite?
True
Is 12777 a composite number?
True
Is 1949251 composite?
False
Is 587 prime?
True
Is 2657149 a prime number?
False
Is 1660753 composite?
True
Is 898031 a composite number?
True
Is 19051 a prime number?
True
Is 15389 a composite number?
True
Is 105467 a prime number?
True
Is 468613 prime?
True
Is 426889 a composite number?
False
Is 2309863 prime?
True
Is 4703 composite?
False
Is 517 composite?
True
Is 11923 a prime number?
True
Is 25793 composite?
False
Is 3643 composite?
False
Is 16871 a composite number?
False
Is 36671 composite?
False
Is 7993 composite?
False
Is 38389 a composite number?
True
Is 896899 composite?
True
Is 125287 composite?
False
Is 1257 composite?
True
Is 348265 a prime number?
False
Is 456761 a prime number?
False
Is 18899 composite?
False
Is 71419 a prime number?
True
Is 99431 a prime number?
True
Is 218987 a prime number?
True
Is 13885 a prime number?
False
Is 25841 prime?
True
Is 84053 a composite number?
False
Is 396703 prime?
True
Is 1396913 a composite number?
True
Is 247369 composite?
False
Is 61615 composite?
True
Is 4489 a prime number?
False
Is 593839 a prime number?
True
Is 1724113 composite?
False
Is 5737 a composite number?
False
Is 44139 a composite number?
True
Is 5297 prime?
True
Is 28007 prime?
False
Is 3007 composite?
True
Is 451499 a composite number?
False
Is 20437 a composite number?
True
Is 5153 prime?
True
Is 728969 composite?
False
Is 64781 prime?
True
Is 1422899 prime?
True
Is 910519 prime?
True
Is 3839 composite?
True
Is 5736101 a prime number?
False
Is 335137 prime?
False
Is 85433 a prime number?
False
Is 5241 composite?
True
Is 3037 a composite number?
False
Is 1678657 prime?
True
Is 33527 a prime number?
False
Is 384383 a composite number?
False
Is 382929 a prime number?
False
Is 4201 composite?
False
Is 192155 a prime number?
False
Is 1451969 a prime number?
True
Is 1649 a prime number?
False
Is 12659 a composite number?
False
Is 8597 a composite number?
False
Is 317983 a composite number?
False
Is 147365 a composite number?
True
Is 9143 a prime number?
False
Is 6443 prime?
False
Is 21241 a prime number?
False
Is 66791 a composite number?
False
Is 1507 a prime number?
False
Is 10799 composite?
False
Is 401797 a composite number?
True
Is 4417 a composite number?
True
Is 21557 prime?
True
Is 8639 a composite number?
True
Is 776047 a composite number?
False
Is 335411 prime?
True
Is 31957 prime?
True
Is 90803 a prime number?
True
Is 2293301 a composite number?
False
Is 77555 a composite number?
True
Is 8781 a prime number?
False
Is 14969 prime?
True
Is 142771 composite?
False
Is 4963 prime?
False
Is 526759 prime?
True
Is 1122643 a prime number?
True
Is 11903 a prime number?
True
Is 3793 composite?
False
Is 136631 a prime number?
False
Is 8039 a composite number?
False
Is 763383 prime?
False
Is 2111 composite?
False
Is 49919 a prime number?
True
Is 95971 prime?
True
Is 1223749 a composite number?
False
Is 299971 prime?
False
Is 196957 a prime number?
False
Is 22927 composite?
True
Is 41315 a composite number?
True
Is 37717 a composite number?
False
Is 91673 a composite number?
False
Is 220469 a prime number?
True
Is 384499 a composite number?
True
Is 16526 prime?
False
Is 160459 a composite number?
True
Is 85385 a composite number?
True
Is 543097 composite?
False
Is 297485 a prime number?
False
Is 2331917 composite?
True
Is 655339 composite?
True
Is 38593 a prime number?
True
Is 595139 composite?
False
Is 34555 a prime number?
False
Is 21467 a prime number?
True
Is 22523 a prime number?
False
Is 144827 prime?
False
Is 2683 prime?
True
Is 36415 composite?
True
Is 42239 a composite number?
False
Is 25717 a prime number?
True
Is 666454 a prime number?
False
Is 2631 composite?
True
Is 377579 a prime number?
False
Is 2579 a prime number?
True
Is 15509 a composite number?
True
Is 205721 prime?
True
Is 275803 composite?
True
Is 284183 composite?
True
Is 786547 composite?
False
Is 865087 a composite number?
False
Is 188381 a prime number?
False
Is 1047937 prime?
False
Is 11777 a prime number?
True
Is 6900203 a prime number?
True
Is 32353 prime?
True
Is 472369 a composite number?
False
Is 68863 a prime number?
True
Is 58003 composite?
True
Is 22141 a composite number?
True
Is 29527 composite?
False
Is 575827 composite?
True
Is 6379 a prime number?
True
Is 461621 a composite number?
True
Is 4249 a prime number?
False
Is 56113 composite?
False
Is 2939 a prime number?
True
Is 19531 prime?
True
Is 179 composite?
False
Is 32467 a composite number?
False
Is 5553361 a composite number?
True
Is 632579 composite?
True
Is 71303 prime?
False
Is 131559 prime?
False
Is 1151 a composite number?
False
Is 15802 composite?
True
Is 72389 a composite number?
True
Is 1464263 composite?
False
Is 8430893 prime?
True
Is 225311 a composite number?
True
Is 477011 composite?
False
Is 4397 composite?
False
Is 12833 composite?
True
Is 103451 a composite number?
False
Is 40627 a composite number?
False
Is 44537 a prime number?
True
Is 820171 a prime number?
False
Is 67547 composite?
False
Is 28181 composite?
False
Is 104903 a composite number?
True
Is 52519 composite?
True
Is 3527 a prime number?
True
Is 607961 composite?
False
Is 929758 composite?
True
Is 112831 composite?
False
Is 2761 composite?
True
Is 58819 a composite number?
True
Is 10327 a composite number?
True
Is 2811 a prime number?
False
Is 9151 prime?
True
Is 49781 a prime number?
False
Is 24829 a prime number?
False
Is 245191 a prime number?
False
Is 1671907 composite?
False
Is 29117 a composite number?
True
Is 1361 a composite number?
False
Is 445871 a prime number?
True
Is 3143 a composite number?
True
Is 19849 a prime number?
False
Is 82129 pri